ds digit of 61067102?
7
What is the millions digit of 8272686?
8
What is the millions digit of 739908926?
9
What is the tens digit of 541994352?
5
What is the hundred millions digit of 169564467?
1
What is the ten millions digit of 2689612745?
8
What is the tens digit of 5021426042?
4
What is the hundred thousands digit of 607261621?
2
What is the tens digit of 14026567?
6
What is the hundreds digit of 56056435?
4
What is the hundreds digit of 44345900?
9
What is the hundreds digit of 215045839?
8
What is the units digit of 2752165606?
6
What is the tens digit of 348894522?
2
What is the ten millions digit of 59917474?
5
What is the millions digit of 18251115?
8
What is the hundreds digit of 806591279?
2
What is the millions digit of 2152137843?
2
What is the hundred millions digit of 115340219?
1
What is the billions digit of 5567590838?
5
What is the thousands digit of 577826907?
6
What is the ten thousands digit of 767609594?
0
What is the millions digit of 107829182?
7
What is the billions digit of 1596655202?
1
What is the hundred thousands digit of 421654918?
6
What is the thousands digit of 1522843133?
3
What is the millions digit of 61733407?
1
What is the millions digit of 35900120?
5
What is the thousands digit of 173037445?
7
What is the thousands digit of 64368622?
8
What is the ten thousands digit of 86675712?
7
What is the hundred thousands digit of 476289063?
2
What is the tens digit of 3276020856?
5
What is the hundreds digit of 86235268?
2
What is the billions digit of 1301920174?
1
What is the hundred millions digit of 3799257119?
7
What is the millions digit of 294759589?
4
What is the hundreds digit of 147567013?
0
What is the tens digit of 121222561?
6
What is the units digit of 2232722827?
7
What is the hundreds digit of 792777353?
3
What is the hundred thousands digit of 588760137?
7
What is the ten thousands digit of 47349558?
4
What is the units digit of 32783168?
8
What is the ten millions digit of 4306814658?
0
What is the hundred thousands digit of 598239149?
2
What is the billions digit of 3888944484?
3
What is the hundred thousands digit of 111389011?
3
What is the billions digit of 2032747997?
2
What is the millions digit of 27642464?
7
What is the hundred millions digit of 355930750?
3
What is the ten millions digit of 65637328?
6
What is the millions digit of 107462268?
7
What is the hundred thousands digit of 1919251504?
2
What is the millions digit of 1080691308?
0
What is the hundred millions digit of 194869869?
1
What is the ten millions digit of 35033479?
3
What is the ten thousands digit of 1232941035?
4
What is the billions digit of 1629568319?
1
What is the millions digit of 664111775?
4
What is the ten millions digit of 13388317?
1
What is the ten thousands digit of 14721371?
2
What is the hundreds digit of 253016027?
0
What is the hundreds digit of 179927620?
6
What is the thousands digit of 638389370?
9
What is the hundred thousands digit of 41256490?
2
What is the thousands digit of 59503912?
3
What is the billions digit of 2457092278?
2
What is the millions digit of 220708736?
0
What is the units digit of 1584637264?
4
What is the ten millions digit of 98852053?
9
What is the billions digit of 1603296260?
1
What is the ten millions digit of 141529823?
4
What is the hundred millions digit of 1923416377?
9
What is the tens digit of 28062221?
2
What is the ten millions digit of 99370479?
9
What is the ten thousands digit of 19281844?
8
What is the hundreds digit of 1180848909?
9
What is the hundred thousands digit of 71119936?
1
What is the ten millions digit of 2128202668?
2
What is the ten millions digit of 29750755?
2
What is the tens digit of 1024750176?
7
What is the hundred thousands digit of 570158079?
1
What is the hundred millions digit of 862081006?
8
What is the millions digit of 94570535?
4
What is the hundreds digit of 4116481411?
4
What is the units digit of 36556807?
7
What is the billions digit of 1520589280?
1
What is the thousands digit of 18120401?
0
What is the hundred millions digit of 130757001?
1
What is the millions digit of 485512452?
5
What is the units digit of 41291485?
5
What is the units digit of 2090030553?
3
What is the hundred millions digit of 171980632?
1
What is the thousands digit of 1379714317?
4
What is the billions digit of 6450649132?
6
What is the hundred thousands digit of 17759337?
7
What is the hundreds digit of 444087760?
7
What is the thousands digit of 102926814?
6
What is the tens digit of 32098519?
1
What is the units digit of 263347832?
2
What is the units digit of 205734471?
1
What is the tens digit of 1468434053?
5
What is the hundreds digit of 24267405?
4
What is the tens digit of 4002583856?
5
What is the hundreds digit of 41386602?
6
What is the ten millions digit of 54112134?
5
What is the units digit of 750383090?
0
What is the ten millions digit of 513197937?
1
What is the ten millions digit of 17040043?
1
What is the thousands digit of 28121666?
1
What is the units digit of 783713715?
5
What is the ten thousands digit of 874098711?
9
What is the hundred millions digit of 173479585?
1
What is the ten millions digit of 823562340?
2
What is the hundred millions digit of 563037861?
5
What is the units digit of 2996815?
5
What is the tens digit of 220560218?
1
What is the ten thousands digit of 74113153?
1
What is the ten thousands digit of 74901393?
0
What is the millions digit of 6793195745?
3
What is the ten thousands digit of 81680033?
8
What is the units digit of 32906199?
9
What is the units digit of 301486011?
1
What is the tens digit of 193484572?
7
What is the millions digit of 114324247?
4
What is the hundred thousands digit of 34916991?
9
What is the ten millions digit of 2396936105?
9
What is the hundreds digit of 2213535803?
8
What is the ten millions digit of 44699348?
4
What is the ten thousands digit of 56278863?
7
What is the thousands digit of 567068311?
8
What is the hundreds digit of 668832693?
6
What is the tens digit of 2415839379?
7
What is the units digit of 729314057?
7
What is the hundred thousands digit of 1985032131?
0
What is the hundred millions digit of 132895700?
1
What is the thousands digit of 469117211?
7
What is the tens digit of 740595760?
6
What is the tens digit of 5874663654?
5
What is the tens digit of 44095202?
0
What is the tens digit of 3388316209?
0
What is the thousands digit of 18557333?
7
What is the millions digit of 235866082?
5
What is the units digit of 2380712945?
5
What is the hundreds digit of 379315120?
1
What is the ten millions digit of 2473519414?
7
What is the millions digit of 2511002567?
1
What is the tens digit of 5571507945?
4
What is the tens digit of 1333692240?
4
What is the hundred thousands digit of 95751807?
7
What is the ten millions digit of 79709652?
7
What is the hundred thousands digit of 153223269?
2
What is the tens digit of 338510110?
1
What is the ten thousands digit of 83119958?
1
What is the hundred thousands digit of 67708590?
7
What is the units digit of 499712987?
7
What is the ten thousands digit of 182406009?
0
What is the units digit of 1004289251?
1
What is the ten thousands digit of 1588626736?
2
What is the tens digit of 815920089?
8
What is the ten thousands digit of 517009060?
0
What is the hundred thousands digit of 4103470029?
4
What is the ten millions digit of 78481105?
7
What is the tens digit of 2015769179?
7
What is the ten millions digit of 109661762?
0
What is the hundreds digit of 245029382?
3
What is the units digit of 3590054205?
5
What is the units digit of 34359972?
2
What is the ten thousands digit of 2493273510?
7
What is the hundreds digit of 78373980?
9
What is the thousands digit of 85019664?
9
What is the tens digit of 404013882?
8
What is the hundred thousands digit of 351285213?
2
What is the units digit of 2501383236?
6
What is the units digit of 58414968?
8
What is the hundreds digit of 136813084?
0
What is the billions digit of 5307628774?
5
What is the hundreds digit of 1988866233?
2
What is the tens digit of 1604175?
7
What is the hundred millions digit of 967001360?
9
What is the hundred thousands digit of 20434386?
4
What is the ten thousands digit of 363336277?
3
What is the ten thousands digit of 28127617?
2
What is the t